{"id":657,"date":"2017-06-14T05:00:40","date_gmt":"2017-06-14T05:00:40","guid":{"rendered":"http:\/\/localhost\/construct\/?page_id=657"},"modified":"2021-03-16T13:48:08","modified_gmt":"2021-03-16T13:48:08","slug":"nossa-historia","status":"publish","type":"page","link":"https:\/\/vilaplano.com\/site\/nossa-historia\/","title":{"rendered":"Nossa Hist\u00f3ria"},"content":{"rendered":"<p>[vc_row css=&#8221;.vc_custom_1497416090331{padding-top: 80px !important;padding-bottom: 80px !important;}&#8221;][vc_column offset=&#8221;vc_col-md-6&#8243;]\n    <h2 class=\"text-left\" >SERMOS MELHORES FAZENDO MAIS<\/h2>\n    \t    <div class=\"wprt-lines style-1 custom-3\">\n\t        <div class=\"line-1\"><\/div>\n\t    <\/div>\n    \n        \t\n[vc_column_text css=&#8221;.vc_custom_1552350154253{margin-top: 25px !important;margin-bottom: 25px !important;}&#8221;]<\/p>\n<p class=\"p1\"><span class=\"s1\">Consideramos a inova\u00e7\u00e3o, a qualidade e a melhoria cont\u00ednua dos processos internos como nosso principal desafio, permitindo oferecemos solu\u00e7\u00f5es cada vez mais competentes e eficazes que correspondam inteiramente \u00e0s expetativas dos nossos clientes.<\/span><\/p>\n<p class=\"p1\"><span class=\"s1\">A aspira\u00e7\u00e3o de fazermos constantemente mais, sustentando-nos na experi\u00eancia e no profissionalismo dos nossos quadros altamente qualificados e motivados, permitir-nos-\u00e1 alcan\u00e7ar mais e melhores oportunidades de neg\u00f3cio, acrescentando qualidade e valor a todos os projetos que nos s\u00e3o atribu\u00eddos e, principalmente, tornando-nos um parceiro que garante a satisfa\u00e7\u00e3o absoluta dos nossos clientes.<\/span><\/p>\n<p>[\/vc_column_text][vc_row_inner][vc_column_inner width=&#8221;1\/3&#8243;]\n\t<div class=\"wprt-counter text-center  has-plus\">\n        <div class=\"number\" data-speed=\"5000\" data-to=\"3000\" data-in-viewport=\"yes\">3000<\/div>\n        <div class=\"text\">PROJETOS CONCLU\u00cdDOS<\/div>\n    <\/div>\n    \t\n[\/vc_column_inner][vc_column_inner width=&#8221;1\/3&#8243;]\n\t<div class=\"wprt-counter text-center  has-plus\">\n        <div class=\"number\" data-speed=\"5000\" data-to=\"300\" data-in-viewport=\"yes\">300<\/div>\n        <div class=\"text\">CLIENTES SATISFEITOS<\/div>\n    <\/div>\n    \t\n[\/vc_column_inner][vc_column_inner width=&#8221;1\/3&#8243;]\n\t<div class=\"wprt-counter text-center  has-plus\">\n        <div class=\"number\" data-speed=\"5000\" data-to=\"1000\" data-in-viewport=\"yes\">1000<\/div>\n        <div class=\"text\">COLABORADORES ENVOLVIDOS<\/div>\n    <\/div>\n    \t\n[\/vc_column_inner][\/vc_row_inner][vc_column_text]<\/p>\n<div class=\"wprt-spacer\" style=\"height: 0px;\" data-desktop=\"0\" data-mobi=\"35\" data-smobi=\"35\"><\/div>\n<p>[\/vc_column_text][\/vc_column][vc_column offset=&#8221;vc_col-md-6&#8243;]\t\n\t<div class=\"wprt-galleries galleries w-770px\" data-width=\"142\" data-margin=\"15\">\n        <div id=\"wprt-slider\" class=\"flexslider\">\n            <ul class=\"slides\">\n                \t                <li class=\"flex-active-slide\">\n\t                    <a class=\"zoom\" href=\"https:\/\/vilaplano.com\/site\/wp-content\/uploads\/2019\/02\/Imagem2-vp-bg.png\"><i class=\"fa fa-arrows-alt\"><\/i><\/a>\n\t                    <img src=\"https:\/\/vilaplano.com\/site\/wp-content\/uploads\/2019\/02\/Imagem2-vp-bg.png\" alt=\"image\" \/>\n\t                <\/li>\n\t            \t                <li class=\"flex-active-slide\">\n\t                    <a class=\"zoom\" href=\"https:\/\/vilaplano.com\/site\/wp-content\/uploads\/2019\/03\/Imagem1.jpg\"><i class=\"fa fa-arrows-alt\"><\/i><\/a>\n\t                    <img src=\"https:\/\/vilaplano.com\/site\/wp-content\/uploads\/2019\/03\/Imagem1.jpg\" alt=\"image\" \/>\n\t                <\/li>\n\t            \t                <li class=\"flex-active-slide\">\n\t                    <a class=\"zoom\" href=\"https:\/\/vilaplano.com\/site\/wp-content\/uploads\/2019\/03\/Imagem2.jpg\"><i class=\"fa fa-arrows-alt\"><\/i><\/a>\n\t                    <img src=\"https:\/\/vilaplano.com\/site\/wp-content\/uploads\/2019\/03\/Imagem2.jpg\" alt=\"image\" \/>\n\t                <\/li>\n\t            \t                <li class=\"flex-active-slide\">\n\t                    <a class=\"zoom\" href=\"https:\/\/vilaplano.com\/site\/wp-content\/uploads\/2019\/03\/Imagem3.jpg\"><i class=\"fa fa-arrows-alt\"><\/i><\/a>\n\t                    <img src=\"https:\/\/vilaplano.com\/site\/wp-content\/uploads\/2019\/03\/Imagem3.jpg\" alt=\"image\" \/>\n\t                <\/li>\n\t                            \n            <\/ul>\n        <\/div>\n\n        <div id=\"wprt-carousel\" class=\"flexslider\">\n            <ul class=\"slides\">\n            \t                \t<li><img src=\"https:\/\/vilaplano.com\/site\/wp-content\/uploads\/2019\/02\/Imagem2-vp-bg.png\" alt=\"image\"><\/li>\n                                \t<li><img src=\"https:\/\/vilaplano.com\/site\/wp-content\/uploads\/2019\/03\/Imagem1.jpg\" alt=\"image\"><\/li>\n                                \t<li><img src=\"https:\/\/vilaplano.com\/site\/wp-content\/uploads\/2019\/03\/Imagem2.jpg\" alt=\"image\"><\/li>\n                                \t<li><img src=\"https:\/\/vilaplano.com\/site\/wp-content\/uploads\/2019\/03\/Imagem3.jpg\" alt=\"image\"><\/li>\n                            <\/ul>\n        <\/div>\n    <\/div>\t\n\n[\/vc_column][\/vc_row][vc_row parallax_bg=&#8221;true&#8221; css=&#8221;.vc_custom_1497426228289{padding-top: 120px !important;padding-bottom: 120px !important;background-image: url(http:\/\/wpdemo.oceanthemes.net\/construction\/wp-content\/uploads\/sites\/6\/2017\/06\/bg-section-3.jpg?id=669) !important;}&#8221;][vc_column][vc_column_text css=&#8221;.vc_custom_1552496701515{margin-bottom: 0px !important;}&#8221;]<\/p>\n<h3 class=\"text-center text-white font-family-heading font-size-30 margin-bottom-30\" style=\"text-align: center;\">ESPECIALISTAS EM ESTRUTURAS DE BET\u00c3O ARMADO DESDE 1986.<\/h3>\n<p style=\"text-align: center;\"><a class=\"wprt-button rounded-3px\" href=\"https:\/\/vilaplano.com\/site\/wp-content\/uploads\/2019\/03\/VILAPLANO-Corporate-Brochure.pdf\" target=\"_blank\" rel=\"noopener\">VER BROCHURA<\/a><\/p>\n<p>[\/vc_column_text][\/vc_column][\/vc_row][vc_row css=&#8221;.vc_custom_1552350786231{padding-top: 40px !important;}&#8221;][vc_column width=&#8221;1\/2&#8243;][vc_empty_space height=&#8221;50px&#8221;][vc_column_text css=&#8221;.vc_custom_1552350765386{margin-top: 25px !important;margin-bottom: 25px !important;}&#8221;]<\/p>\n<p class=\"p1\"><span class=\"s1\">\u201cEspecialistas em estruturas de bet\u00e3o armado h\u00e1 mais de 30 anos, a VILAPLANO tem contado desde sempre com colaboradores competentes e empenhados no compromisso de satisfa\u00e7\u00e3o dos seus clientes, sendo com uma grande honra e orgulho que verificamos o nosso percurso dentro do setor da Constru\u00e7\u00e3o Civil.<\/span><\/p>\n<p><span class=\"s1\">Dinamismo e compromisso s\u00e3o os valores pelos quais nos regemos e representam a base de trabalho de toda a equipa VILAPLANO, o que aliado \u00e0 forma s\u00e9ria e respons\u00e1vel como encaramos os desafios que nos s\u00e3o propostos diariamente tem potenciado novas oportunidades que se t\u00eam repercutido no crescimento progressivo da empresa nos \u00faltimos anos.<\/span><\/p>\n<p><span class=\"s1\">A recente estrat\u00e9gia de internacionaliza\u00e7\u00e3o e de diversifica\u00e7\u00e3o de solu\u00e7\u00f5es, e os elevados padr\u00f5es de qualidade com que pautamos o nosso trabalho, t\u00eam resultado na presen\u00e7a crescente em diferentes zonas geogr\u00e1ficas e no reconhecimento final do cliente, permitindo encarar o futuro com grande expectativa e ambi\u00e7\u00e3o.\u201d<\/span><\/p>\n<p><span class=\"s1\">A Administra\u00e7\u00e3o<\/span>[\/vc_column_text][\/vc_column][vc_column width=&#8221;1\/2&#8243;][vc_empty_space height=&#8221;50px&#8221;][vc_single_image image=&#8221;1334&#8243; img_size=&#8221;full&#8221;][\/vc_column][\/vc_row][vc_row][vc_column][vc_row_inner][vc_column_inner][vc_single_image image=&#8221;1335&#8243; img_size=&#8221;full&#8221;][\/vc_column_inner][\/vc_row_inner][\/vc_column][\/vc_row]<\/p>\n","protected":false},"excerpt":{"rendered":"<p>[vc_row css=&#8221;.vc_custom_1497416090331{padding-top: 80px !important;padding-bottom: 80px !important;}&#8221;][vc_column offset=&#8221;vc_col-md-6&#8243;][vc_column_text css=&#8221;.vc_custom_1552350154253{margin-top: 25px !important;margin-bottom: 25px !important;}&#8221;] Consideramos a inova\u00e7\u00e3o, a qualidade e a melhoria cont\u00ednua dos processos internos como nosso principal desafio, permitindo oferecemos solu\u00e7\u00f5es cada vez mais competentes e eficazes que correspondam inteiramente \u00e0s expetativas dos nossos clientes. A aspira\u00e7\u00e3o de fazermos constantemente mais, sustentando-nos na experi\u00eancia e [&hellip;]<\/p>\n","protected":false},"author":3,"featured_media":0,"parent":0,"menu_order":0,"comment_status":"closed","ping_status":"closed","template":"page-templates\/template-fullwidth.php","meta":{"footnotes":""},"acf":[],"_links":{"self":[{"href":"https:\/\/vilaplano.com\/site\/wp-json\/wp\/v2\/pages\/657"}],"collection":[{"href":"https:\/\/vilaplano.com\/site\/wp-json\/wp\/v2\/pages"}],"about":[{"href":"https:\/\/vilaplano.com\/site\/wp-json\/wp\/v2\/types\/page"}],"author":[{"embeddable":true,"href":"https:\/\/vilaplano.com\/site\/wp-json\/wp\/v2\/users\/3"}],"replies":[{"embeddable":true,"href":"https:\/\/vilaplano.com\/site\/wp-json\/wp\/v2\/comments?post=657"}],"version-history":[{"count":18,"href":"https:\/\/vilaplano.com\/site\/wp-json\/wp\/v2\/pages\/657\/revisions"}],"predecessor-version":[{"id":1388,"href":"https:\/\/vilaplano.com\/site\/wp-json\/wp\/v2\/pages\/657\/revisions\/1388"}],"wp:attachment":[{"href":"https:\/\/vilaplano.com\/site\/wp-json\/wp\/v2\/media?parent=657"}],"curies":[{"name":"wp","href":"https:\/\/api.w.org\/{rel}","templated":true}]}}