{"id":1109,"date":"2019-02-22T02:49:41","date_gmt":"2019-02-22T02:49:41","guid":{"rendered":"https:\/\/vilaplano.com\/site\/?page_id=1109"},"modified":"2019-02-22T02:50:42","modified_gmt":"2019-02-22T02:50:42","slug":"politicas-cookies","status":"publish","type":"page","link":"https:\/\/vilaplano.com\/site\/politicas-cookies\/","title":{"rendered":"Pol\u00edticas de Cookies"},"content":{"rendered":"<p>[vc_row][vc_column][vc_empty_space height=&#8221;50px&#8221;][vc_column_text]<\/p>\n<div id=\"container\">\n<div id=\"wb_polprivacidade\">\n<p>Utilizamos cookies para melhorar o desempenho e a sua experi\u00eancia como utilizador no nosso site.<\/p>\n<p><strong>O que s\u00e3o Cookies?<br \/>\n<\/strong>As Cookies s\u00e3o pequenos ficheiros de texto que um site, quando visitado, coloca no computador do utilizador ou no seu dispositivo m\u00f3vel, atrav\u00e9s do browser.<br \/>\nA coloca\u00e7\u00e3o de Cookies ajudar\u00e1 o site a reconhecer o seu dispositivo numa pr\u00f3xima visita.<br \/>\nAs cookies ret\u00eam apenas informa\u00e7\u00e3o relacionada com as suas prefer\u00eancias, n\u00e3o incluindo, como tal, os seus dados pessoais.<\/p>\n<p><strong>Para que servem as Cookies?<br \/>\n<\/strong>As cookies s\u00e3o utilizadas para ajudar a determinar a utilidade, interesse e o n\u00famero de utiliza\u00e7\u00f5es dos sites, permitindo uma navega\u00e7\u00e3o mais r\u00e1pida e eficiente e eliminando a necessidade de introduzir repetidamente as mesmas informa\u00e7\u00f5es.<\/p>\n<p><strong>Que tipos de Cookies existem?<br \/>\n<\/strong>Podem ser utilizados dois grupos de cookies:<br \/>\nCookies permanentes &#8211; Ficam armazenadas ao n\u00edvel do navegador de internet (browser) nos seus dispositivos de acesso (PC, mobile e tablet) e que s\u00e3o utilizadas sempre que o utilizador faz uma nova visita ao nosso site. Geralmente s\u00e3o utilizadas para direcionar a navega\u00e7\u00e3o de acordo com os interesses do utilizador, permitindo-nos prestar um servi\u00e7o mais personalizado.<br \/>\nCookies de sess\u00e3o &#8211; S\u00e3o tempor\u00e1rias, permanecem no arquivo de cookies do seu navegador de internet (browser) at\u00e9 sair do site. A informa\u00e7\u00e3o obtida atrav\u00e9s destas cookies permite identificar problemas e fornecer uma melhor experi\u00eancia de navega\u00e7\u00e3o.<\/p>\n<p><strong>Que tipos de Cookies utilizamos e para que fins?<br \/>\n<\/strong>Cookies essenciais &#8211; Algumas cookies s\u00e3o essenciais para aceder a \u00e1reas espec\u00edficas do nosso site. Permitem a navega\u00e7\u00e3o no site e a utiliza\u00e7\u00e3o das suas aplica\u00e7\u00f5es, tal como aceder a \u00e1reas seguras do site atrav\u00e9s de login. Sem estas cookies, os servi\u00e7os que o exijam n\u00e3o podem ser prestados.<br \/>\nCookies anal\u00edticas &#8211; Utilizamos estas cookies para analisar a forma como os utilizadores usam o site e monitorar a performance deste. Isto permite-nos fornecer uma experi\u00eancia de alta qualidade ao personalizar a nossa oferta e rapidamente identificar e corrigir quaisquer problemas que surjam. Estas cookies s\u00e3o utilizadas anonimamente apenas para efeitos de cria\u00e7\u00e3o e an\u00e1lise estat\u00edstica, sem nunca recolher informa\u00e7\u00e3o de car\u00e1ter pessoal.<br \/>\nCookies de funcionalidade &#8211; As cookies de funcionalidade guardam as prefer\u00eancias do utilizador relativamente \u00e0 utiliza\u00e7\u00e3o do site, de forma que n\u00e3o seja necess\u00e1rio voltar a configurar o site cada vez que o visita.<\/p>\n<p><strong>Como pode gerir as Cookies?<br \/>\n<\/strong>Depois de autorizar o uso de Cookies, o utilizador pode sempre desativar parte ou a totalidade das nossas cookies.<br \/>\nTodos os browsers permitem ao utilizador aceitar, recusar ou apagar cookies, nomeadamente atrav\u00e9s da sele\u00e7\u00e3o das defini\u00e7\u00f5es apropriadas no respetivo navegador. Pode configurar as Cookies no menu \u201cop\u00e7\u00f5es\u201d ou \u201cprefer\u00eancias\u201d do seu browser.<br \/>\nNote-se, no entanto, que, ao desativar as cookies, pode impedir que alguns servi\u00e7os da web funcionem corretamente, afetando, parcial ou totalmente, a navega\u00e7\u00e3o no website.<br \/>\nMais informa\u00e7\u00e3o sobre cookies em: www.allaboutcookies.org<\/p>\n<\/div>\n<\/div>\n<p>[\/vc_column_text][vc_empty_space height=&#8221;50px&#8221;][\/vc_column][\/vc_row]<\/p>\n","protected":false},"excerpt":{"rendered":"<p>[vc_row][vc_column][vc_empty_space height=&#8221;50px&#8221;][vc_column_text] Utilizamos cookies para melhorar o desempenho e a sua experi\u00eancia como utilizador no nosso site. O que s\u00e3o Cookies? As Cookies s\u00e3o pequenos ficheiros de texto que um site, quando visitado, coloca no computador do utilizador ou no seu dispositivo m\u00f3vel, atrav\u00e9s do browser. A coloca\u00e7\u00e3o de Cookies ajudar\u00e1 o site a reconhecer [&hellip;]<\/p>\n","protected":false},"author":3,"featured_media":0,"parent":0,"menu_order":0,"comment_status":"closed","ping_status":"closed","template":"page-templates\/template-fullwidth.php","meta":{"footnotes":""},"acf":[],"_links":{"self":[{"href":"https:\/\/vilaplano.com\/site\/wp-json\/wp\/v2\/pages\/1109"}],"collection":[{"href":"https:\/\/vilaplano.com\/site\/wp-json\/wp\/v2\/pages"}],"about":[{"href":"https:\/\/vilaplano.com\/site\/wp-json\/wp\/v2\/types\/page"}],"author":[{"embeddable":true,"href":"https:\/\/vilaplano.com\/site\/wp-json\/wp\/v2\/users\/3"}],"replies":[{"embeddable":true,"href":"https:\/\/vilaplano.com\/site\/wp-json\/wp\/v2\/comments?post=1109"}],"version-history":[{"count":2,"href":"https:\/\/vilaplano.com\/site\/wp-json\/wp\/v2\/pages\/1109\/revisions"}],"predecessor-version":[{"id":1111,"href":"https:\/\/vilaplano.com\/site\/wp-json\/wp\/v2\/pages\/1109\/revisions\/1111"}],"wp:attachment":[{"href":"https:\/\/vilaplano.com\/site\/wp-json\/wp\/v2\/media?parent=1109"}],"curies":[{"name":"wp","href":"https:\/\/api.w.org\/{rel}","templated":true}]}}